 -4 = -4*x + 36. Let u be 3/(12/(-2))*x. Determine t(u).
-12
Let w = -11 + 22. Let g = w - 8. Let j = g + -1. Let c(b) = b**3 - 4*b**2 + 2*b + 2. Calculate c(j).
-2
Let l(z) be the first derivative of -z + 0*z + 4*z**3 - 2*z**3 - 2. What is l(1)?
5
Let l(x) = -3*x + 1. Suppose -2*h + 0*d + 14 = -4*d, -2*d + 5 = -5*h. What is l(h)?
10
Suppose 2*z - z = 4*w + 2, -3*z = w + 7. Let r(o) = 4*o. Determine r(w).
-4
Let o(y) = 2*y - 6. Let c(r) = r**2 - 2*r - 4. Let k be c(-2). Give o(k).
2
Suppose 0*q - 18 = -3*q. Let w(t) = t**2 + t - 1. Let b(f) = -f**3 + 6*f**2 - 9*f + 4. Let d(y) = b(y) + w(y). Calculate d(q).
-9
Let j(v) = v**2 + 4*v - 1. Let w be j(-5). Suppose 0 = 2*x - w - 4. Suppose -5*z + 5 = -y, -y + x - 1 = 3*z. Let r(t) = 7*t**2 + t - 1. Give r(z).
7
Suppose -3*w + 15 = -3*g - 60, -4*w - 4*g = -76. Let i(k) = k - 7*k**2 + k - k**3 + k**2 + w - 15. Give i(-6).
-5
Let z(f) be the first derivative of -1 - 1/2*f**2 + 6*f. Suppose -11*b + 3*b - 40 = 0. Give z(b).
11
Let u(l) = l**3 + 5*l**2 - l - 11. Let p(q) = -q**2 + 1. Let a(z) = z**3 + z**2 - z - 6. Let o be a(0). Let b(j) = o*p(j) - u(j). Calculate b(0).
5
Let x(o) = o**3 - 2*o**2 - 3*o - 6. Let k(r) = 4*r**3 - 7*r**2 - 10*r - 19. Let j(h) = 2*k(h) - 7*x(h). Calculate j(0).
4
Let o(g) be the third derivative of -g**4/24 - g**3/3 - g**2. Let t(r) = -2 + 2*r + 8 - r. Let u be t(-8). Give o(u).
0
Let h(m) = m**2 + m - 1. Suppose 0*a = -3*a + 3. Let d(i) = i**3 + 2*i**2 + 2*i + 4. Let q(w) = a*h(w) - d(w). Calculate q(0).
-5
Let s(g) = g**2 - 6*g - 13. Let p(j) = j**2 - 3*j - 7. Let z(m) = 5*p(m) - 3*s(m). What is z(-3)?
13
Let u(t) be the second derivative of -t**4/4 + t**3/2 + t**2 + 7*t. Calculate u(3).
-16
Let q(u) = -u**3 - 2*u**2 - u. Let w(m) = m**2 + 6*m. Let f be w(-6). Suppose 5*z + 7 = 2. Let r = z + f. Give q(r).
0
Let o(p) = p**2 - 6*p + 5. Let a be -7*(11/(-7) - -1). Suppose -3*g = -a*g + 5. Determine o(g).
0
Let l(x) = 6*x + 2. Let k(m) = -2*m + 12. Let y be k(7). Give l(y).
-10
Let q(p) be the third derivative of p**5/15 + p**4/8 + p**2. Suppose -4*k = -2*o - 15 - 1, -8 = -2*o - 4*k. Calculate q(o).
10
Let i(d) = d + 55 - 26 - 32. Suppose 0 = -0*w - 5*w. Give i(w).
-3
Let p(h) = h**3 + 3*h**2 - 4*h - 3. Let a be 2/(3 + -1) - 18. Let b = 14 + a. Determine p(b).
9
Let s(o) = -o**2 - 1. Suppose 21 = -b + 5*j, 3*j + 2 = 4*b + 1. Calculate s(b).
-17
Let s(u) = -u**3 + 16*u**2 + 18*u - 13. Let m be s(17). Let o = 3 - -1. Let l(b) = 3*b - b + m - o. Give l(1).
2
Let h(y) be the third derivative of -y**6/120 - y**5/12 - y**4/24 + y**3/6 + 2*y**2. Suppose -d = 4 - 8. Suppose -4*c + 0*t = d*t + 12, 6 = 3*t. Calculate h(c).
6
Let s(l) be the second derivative of 0*l**4 - l + 1/20*l**5 - 1/2*l**2 + 0 - 1/3*l**3. Suppose q + 4 = -3*q. Give s(q).
0
Let y(m) = 17*m**2 + 16*m**2 - 34*m**2. Give y(3).
-9
Let h(p) = p - 1. Let q(c) = -c**2 - 6*c + 6. Let n(v) = -3*h(v) - q(v). Determine n(-4).
1
Let v(z) = -z**2 - 430 - 8*z + 210 + 217. What is v(-5)?
12
Let o(t) = -4*t + 1. Let s(c) = 5*c - 2. Let b(m) = 4*o(m) + 3*s(m). Let p = -24 - -24. Calculate b(p).
-2
Let t(o) = -o**3 - o - 1. Let i(b) = 4*b**2 + 3*b - 3. Let x(c) = i(c) + t(c). Let m = -21 + 12. Let n = 13 + m. Determine x(n).
4
Let o(k) = k. Let a be o(3). Let n(t) be the third derivative of 1/6*t**a + 0 + 0*t + 1/12*t**4 - 2*t**2 - 1/20*t**5. Calculate n(-1).
-4
Let o(l) = -l - 6. Let f be (1/2)/((-1)/(-8)). Let n be 8 + -10 + -5 + -2. Let m = n + f. Calculate o(m).
-1
Suppose -j - 4*j = 0. Let a(q) be the third derivative of 0 - 2/3*q**3 + 1/30*q**5 - 1/8*q**4 - 2*q**2 + j*q. Calculate a(3).
5
Let d(g) be the second derivative of -g**5/30 - g**4/24 + g**3/6 + g**2/2 + 2*g. Let m(h) be the first derivative of d(h). What is m(-2)?
-5
Let q(o) = 5*o**2 + 5*o - 1. Let r(a) = -a**2. Let t(f) = -q(f) - 3*r(f). Let l be (-1)/(-3) + 286/(-66). What is t(l)?
-11
Let h(i) = i**3 - 4*i**2 - 2*i + 4. Let s = 15 - 13. Suppose -5*p + 20 = 4*v, 2*p - s = 4*v + 6. What is h(p)?
-4
Let u(x) = -x**3 - x**2 - 1. Let j be u(0). Let n = 2 - j. Let i(o) = 5*o - 3*o + 1 - 4*o + 6*o**n. Give i(1).
5
Let c(y) = y**3 - 2*y**2 - 4*y + 4. Suppose 3*u - 4*u - 4*k - 6 = 0, 9 = u - k. Suppose -5*l + 9 = -u. Determine c(l).
1
Let y(m) = 5*m**2 - 3*m + 1. Let k be 6*(40/12 + -3). Give y(k).
15
Let k(d) = -d**2 - 6*d + 1. Suppose j - 12 = 4*z, -3*j = -2*z - 1 - 5. Suppose j = 2*f + 2*f - 3*t + 29, 4*f = -4*t - 8. Give k(f).
6
Suppose -c = -5*f + 1, 4*f - c + 4*c - 16 = 0. Let b(z) = 1. Let q(r) = 1 + 6 - 4 - r. Let v(t) = f*q(t) - 3*b(t). Calculate v(-5).
5
Let n(w) = w - 1. Let l(k) = k**3 + 4*k**2 - k - 2. Let a be l(-3). Suppose -a = -0*x + 5*x. Determine n(x).
-3
Let q(a) = 10*a**3 - a**2 + 1. Let k be q(1). Suppose 2*j + 0*n - 20 = -2*n, 0 = 3*j - 4*n + 5. Let z = j - k. Let f(h) = h**2 + 6*h + 5. Give f(z).
0
Let r(o) = 2*o**2 - 15 + o + 14 - 3*o**2. Give r(5).
-21
Let c be (-2)/11 + (-252)/66. Let y(m) = -3*m - 3. Calculate y(c).
9
Suppose -3*a + 8 = a. Let n(b) be the first derivative of -b**4/4 + b**3 - 3*b**2/2 - 1. Let s be n(a). Let r(l) = 2*l**2 + 4*l + 3. What is r(s)?
3
Let g = 4 - 4. Let b(f) be the first derivative of 0 + g + 2*f**2 - 2 - 2*f + 4*f. What is b(-2)?
-6
Let u(o) be the first derivative of -o**3/3 + o**2/2 + 4*o - 1. Suppose 3*n - 7*n = -12. Let f be 0 + 1 + 6/n. Determine u(f).
-2
Let i(z) = -z**2 + z. Let s(n) = -5*n**2 + 7*n - 3. Let r(h) = -4*i(h) + s(h). Let u(p) = p + 9. Let c be u(-7). What is r(c)?
-1
Let f(a) = -a + 2. Let x be ((-9)/(-6))/((-6)/16). Let d = 9 + x. Calculate f(d).
-3
Let y(j) = 4*j**2 + 5*j - 3. Let q(m) = m**2 + m - 1. Let i(n) = -3*q(n) + y(n). Determine i(-2).
0
Let w(m) = m**3 - 3*m + 2. Suppose d - 6 = -2*d. Calculate w(d).
4
Let d(t) be the third derivative of t**6/120 - t**5/20 - t**4/8 - t**3/3 + 6*t**2. Calculate d(4).
2
Let c be (-2)/(-1) - (2 + -1). Let s(j) = -6*j + 6 - c + 0*j**3 + 4*j**2 + j**3. Let n be 10/(-6 + 1) - 3. Calculate s(n).
10
Let n(x) = -15*x. Let r(g) = -6*g + 11. Let m(k) = 5*k - 10. Let a(h) = -4*m(h) - 3*r(h). Let b be a(3). Give n(b).
-15
Let u(o) = -2*o + 5*o**2 - 7*o**2 - 3*o**3 + 2*o**3. Let v = -3 - -3. Suppose v = -4*z - 2 - 6. What is u(z)?
4
Suppose -3*y - 3*a + 18 = 0, y - 2*y - 5*a + 14 = 0. Let i(p) = -2*p**2 - 3*p**2 + y - p**3 + p + 7*p + 0. Give i(-6).
-8
Let a(h) = 5*h**3 + 7*h**2 + 33*h - 25. Let q(w) = w**3 + 2*w**2 + 8*w - 6. Let i(c) = 2*a(c) - 9*q(c). Let l = -6 - -11. Calculate i(l).
-1
Let n(j) = j - 1. Suppose 2*g = -1 - 3. Let w be (-5)/(-2)*(g + 0). Let f = w + 2. What is n(f)?
-4
Let v(o) = -4*o. Let j be 6/(-1)*(-6)/9. Let x = -2 + j. Calculate v(x).
-8
Let w(c) = -4*c**3 + 3*c**2 + 7*c + 4. Let i(z) = 3*z**3 - 3*z**2 - 6*z - 3. Let g(k) = 6*i(k) + 5*w(k). What is g(-2)?
8
Let q(m) = 2 - 5*m - 2*m - 3 + 6*m. Determine q(-7).
6
Let d(g) = 3*g - 1. Let m = -7 - -9. What is d(m)?
5
Let f = 1 + -1. Let l = 4 - f. Let w(v) be the third derivative of v**4/24 - 10*v**2 - 2. Calculate w(l).
4
Let m(c) = 8*c - 12*c - 2*c**2 + 3*c**2 - 1 - 7. Give m(7).
13
Let j(p) be the third derivative of -p**4/24 + 6*p**2. Let s(i) = -3*i - 5. Let u(k) = -2*j(k) + s(k). Give u(4).
-9
Let l be 2/2*(10 - 2). Suppose 3*z + 2*w = z - l, -4*z - 2*w - 18 = 0. Let u be (5 - 3)*z/(-2). Let i(j) = j. Give i(u).
5
Let i(l) be the first derivative of -l**4/4 - 2*l**3/3 + l - 15. What is i(1)?
-2
Let f(v) be the first derivative of v + 7/4*v**4 + 2/3*v**3 - v**2 + 1. What is f(1)?
8
Let k(s) = -5*s**2 + 11*s - 4. Let v be k(2). Let w(x) be the second derivative of -x**3/3 - x**2/2 + x. What is w(v)?
3
Suppose -2 = k - 2*k. Let d be k + 0 + -2 - 1. Let p(c) = -2*c**3 - c**2 - 2*c - 1. Calculate p(d).
2
Let c(r) = -3*r - 2. Let z = 14 - -7. Let x = z + -19. Give c(x).
-8
Let p(w) = -5*w. Suppose 2*c - 4*x - 11 = -x, -4*c - 3*x - 5 = 0. What is p(c)?
-5
Suppose -5*l - 6 = 3*d + 4, 0 = 2*l - 5*d + 4. Let i(h) = -h**3 - 3*h**2 - 3*h - 2. Give i(l).
0
Let l(s) be the third derivative of s**4/8 + s**3/2 - 4*s**2. Let h be l(-2). Let n(t) = -t**3 - 3*t**2 + 3*t. Calculate n(h).
-9
Let l(k) be the second derivative of k**3/6 - k**2 - 3*k. Determine l(6).
4
Let t(z) = -z**3 + z - 1. Let m(a) = 2*a**3 - 4*a**2 + 9. Let i(w) = m(w) + 3*t(w). Give i(-4).
-6
Let x = -16 - -16. Suppose -4*w + 18 